10. Is j(-4) prime?
True
Suppose -f - 4*x + 129 = -6, 2 = x. Is (6/(-2))/((-3)/f) a composite number?
False
Suppose -5*a = -r + 9 + 21, 10 = -5*a - 3*r. Let s = -2 - a. Suppose 77 = s*k + 4*g, 4*k - 105 = g - 34. Is k a prime number?
True
Let z be (55/20 + -1)*-8. Is ((-19)/4)/(z/2968) a composite number?
True
Let l(r) = 3*r**2 - r + 153. Is l(-13) a composite number?
False
Let j be (-2 - -1)/((-30)/25 + 1). Suppose -2*n = 3*n + 4*l - 1899, -j*n + 1896 = l. Is n composite?
False
Let v = 130 + -126. Suppose 1746 = v*o - 2*z, o + 2*o = -5*z + 1316. Is o a prime number?
False
Is 10678*6/84 - (-4)/14 a composite number?
True
Suppose 0 = 2*n - a - 13, -5*n + a + 25 = -0*a. Suppose -n*c - 3*q = -853, -3*q + 1064 = 2*c + 3*c. Is c composite?
False
Let c(x) = x**2 - 5*x + 2. Let o be c(5). Is (1 + (-315)/(-2))*o composite?
False
Let m(i) = 4304*i - 181. Is m(16) composite?
False
Let z = 49223 - 25106. Is z a composite number?
True
Let t = 63 - -105. Suppose t - 19883 = -5*m. Is m a prime number?
True
Suppose -4*v + 20 = 0, -166*z - 5*v = -171*z + 294420. Is z a composite number?
False
Let v(u) = 87*u**3 - u**2 - 2*u - 1. Let x be v(-1). Let c = 59 + 79. Let o = x + c. Is o a prime number?
False
Suppose -7*q + 2*q + 7455 = 0. Suppose -1623 = -9*f + q. Is f prime?
False
Let w = -20 + 23. Let z be 31/w - (-7)/(-21). Let l(q) = 5*q + 5. Is l(z) composite?
True
Let t(k) = 5*k**2 + 5*k - 3. Let f(y) = y**3 + 3*y**2 + y - 4. Let x be f(-3). Let g be (-14)/(-49) - (-37)/x. Is t(g) prime?
True
Suppose -5*h + 2*m + 112 = 0, 3*m + 25 = h - 0*m. Suppose -l + f = -2*l + 2, 4*l = 3*f + h. Suppose -l*r + 326 = -3*y + 30, -5*r - 4*y = -370. Is r composite?
True
Suppose 0 = -10*t + 22*t - 36. Suppose 3*v - 5*v + 4*s + 2994 = 0, t*s - 4500 = -3*v. Is v prime?
True
Let n = 8 - 20. Let j(h) = h**3 + 12*h**2 + 14*h + 4. Let b be j(n). Let l = b + 253. Is l composite?
False
Let x = 19499 - 11321. Suppose -x = 2*n - 8*n. Is n prime?
False
Suppose -7*l + 10 = 3. Let n(a) = 67*a. Is n(l) composite?
False
Let u be -1201 - 2/((-6)/9). Let j = u - -2489. Is j composite?
False
Suppose -5*h - 2 = 8. Is (3/h)/(5/(-890)) composite?
True
Let m(c) = -4*c**2 - 2*c - 2. Let t(q) = 4*q**2 + 3*q + 2. Let y(z) = 4*m(z) + 5*t(z). Is y(-5) a prime number?
True
Suppose 1 = 3*g - 11. Suppose -5*d + g*h = -d - 1512, 0 = 3*h + 12. Let u = 585 - d. Is u a prime number?
True
Let u(c) = 4*c**2 - c - 7. Suppose 3*r + 3 = -0. Let p be r/((-13)/6 + 2). Is u(p) composite?
False
Let t(c) = 62*c - 5. Let s(j) = 1. Let d(q) = -2*s(q) + t(q). Is d(6) a composite number?
True
Suppose -5*x - 3 = -13. Suppose -55 = -x*u + 39. Is u prime?
True
Let c = -10756 - -15963. Is c a prime number?
False
Suppose -55 = -23*y + 22*y. Is y a composite number?
True
Let x = 12 - 22. Let b = -5195 + 2681. Is (x/30)/(2/b) a prime number?
True
Suppose 0 = -4*w - 2*s + 118, 5*s - 3*s + 6 = 0. Let d = -27 + w. Suppose -3*x = 3*h - 2*h - 653, 4*x - 876 = -d*h. Is x a prime number?
False
Let q = 3037 + -1778. Is q composite?
False
Let x = -225 - 375. Let z = 328 + x. Let b = z - -421. Is b a composite number?
False
Let b(z) = -z**2 - z - 2. Let a = 17 - 18. Let u be b(a). Is ((-1)/u)/(3/2022) a composite number?
False
Let w(n) = 83*n - 30. Let o(x) = 0 + 2*x + x + 0 - 5 + x**2. Let j be o(-6). Is w(j) composite?
False
Let w(a) = 2276*a. Let h be w(1). Suppose -2*r - 3155 = -5*o + h, 3*r - 2180 = -2*o. Is o a composite number?
False
Is (-2)/19 - 192666/(-76)*14 composite?
False
Suppose 341535 = a + 14*a. Is a a prime number?
True
Let s(r) = -7222*r - 79. Is s(-3) a prime number?
True
Let t(g) = -10*g + 13*g**2 - 16 + 42 - 6. Is t(5) a prime number?
False
Let x = 13172 + -2235. Is x prime?
True
Suppose c = v + 6, 0*c - c - 14 = 4*v. Let m(p) = -5*p**3 - 4*p**2 - 3*p - 5. Is m(v) composite?
False
Let l(t) = 112*t + 9838. Is l(0) a composite number?
True
Suppose -12 = -4*d, d + 17 = -2*t + 6*t. Suppose -t*i + w + 1225 = -3*w, -245 = -i + w. Suppose -4*s - s + i = 0. Is s a composite number?
True
Suppose 15 = 5*g, -3*y + 4902 + 7944 = -g. Is y composite?
False
Let j = 14 - 24. Suppose -7*a = -3*a - 4. Is (-3 + a)/(j/115) a composite number?
False
Let l be (4/10)/(7/560). Suppose -l = -4*r + 72. Is r/(4*2/12) composite?
True
Is (32470*1 - 3)*(-4 - -5) a prime number?
True
Suppose -3375495 = 16*v - 61*v. Is v prime?
True
Suppose 7*v + 65 = 12*v. Let s(m) = m**2 + 6*m + 10. Is s(v) prime?
True
Let m be (3 - (4 - 0)) + 4. Suppose -10 = -m*j + 8*j. Is 393 - (-1 - j - 3) prime?
False
Suppose -3*g + 3*x + 5028 = 0, g + 5*x - 1238 = 420. Is g composite?
True
Let n = -12 + 14. Suppose 5*c + 89 = -0*l + 4*l, n*l - 46 = 2*c. Is l composite?
True
Let z = -3 - -6. Is (-9)/3*(-1117)/z composite?
False
Let w be (-3 - (-9)/5)*40/(-6). Suppose w*t = 5*t + 2049. Is t a prime number?
True
Let w = 506 + 68. Let r = w - 339. Is r prime?
False
Let f(h) = 65*h**2 + 38*h - 285. Is f(16) a composite number?
False
Let n = -4262 - -7949. Is n a composite number?
True
Let t be ((-1)/3)/((-1)/6). Suppose 2*b + 2*s - 84 = 3*s, 80 = t*b - 2*s. Let f = b + 78. Is f prime?
False
Let p(g) = 61*g**2 - 2*g + 5. Let u be p(-4). Let x be u/(-7) + (-12)/(-42). Is (-14)/(288/x + 2) a composite number?
True
Let q(f) = f**2 - 9*f + 4. Let s be q(5). Let l(a) = -56*a + 15. Is l(s) a composite number?
False
Let n(d) = -51*d - 19. Let j be n(-8). Suppose -z + j = i - 2*i, -i = 3*z - 1147. Let k = 593 - z. Is k a composite number?
True
Let d be (4 + (37/(-5) - -3))*-10. Suppose -8174 = -d*t - 3*n, -2*t + 2*n + 4092 = n. Is t a prime number?
False
Let p be 3*8/(-6)*1. Let r(h) be the first derivative of h**3 + 5*h**2/2 - 2*h - 21. Is r(p) a composite number?
True
Let c(f) = -3 - 7*f + 12*f + 0*f + 6*f**2. Let l(d) = -6*d**2 - 6*d + 2. Let g(j) = 3*c(j) + 2*l(j). Is g(-4) a composite number?
False
Let o = 136 + -132. Let g(h) = 71*h**2 + 2*h - 5. Is g(o) prime?
False
Suppose -102 - 178 = -2*b. Is (-40)/b - (1 - 8740/14) composite?
True
Is ((-6)/(-16) + 5/8)*1459 prime?
True
Suppose 3*d = -5*q - 2, 2*d - 4*q + 14 = -q. Let z be 7 + d + (2 - 2). Suppose 0 = 3*v - 0*v + 5*l - 588, z*v = 4*l + 561. Is v a composite number?
False
Let h be 2/(-3) - 17/(-3). Suppose 0 = h*v + 5*d + 4 + 26, 0 = 5*v - d + 18. Is (53/v)/(10/(-40)) a prime number?
True
Let f(r) = -r**3 - 5*r**2 + 2*r + 7. Let j be f(-5). Is -3 - (-268)/(-6)*j prime?
True
Let x(o) = -2*o**2 - 6*o - 3. Let f be x(-2). Is (f - -1)*115/10 a prime number?
True
Let z(c) = -4*c + 1 - 6 + 0*c. Let v = 101 - 108. Is z(v) a prime number?
True
Suppose 85*b - 1033146 = 67*b. Is b a prime number?
True
Let d(q) = -98*q**2 + q. Let s(o) = 99*o**2 - 3*o - 2. Let l(u) = u**2 - u - 1. Let b(p) = -2*l(p) + s(p). Let g(w) = 5*b(w) + 4*d(w). Is g(-1) a prime number?
False
Let u be (-4 - -3)/(21/9 - 2). Let r(q) be the second derivative of 5*q**4/12 - q**3/2 - 5*q**2/2 - q. Is r(u) composite?
True
Let w(u) = u + 18 + 5*u - 5*u + 34*u. Let y(q) = -6*q - 3. Let f be y(-3). Is w(f) a prime number?
False
Let k(b) = -3*b**3 + 7*b**2 + 2*b + 1. Is k(-5) a composite number?
False
Let s = 34 + -29. Suppose -q = -4*h - 13 - s, q = -h + 3. Let y(r) = r**3 - 6*r**2 + 8*r - 9. Is y(q) a prime number?
False
Suppose 2*h + 3*i = -0 + 1, 5*i = -5. Suppose -c + 5 = h*r, 2*r - 3*r = -3*c + 8. Suppose -v - 38 = -c*v. Is v a composite number?
False
Suppose 36 = -7*c + 6301. Is c prime?
False
Suppose 0 = 20*s - 547 - 753. Is s composite?
True
Let g be (-4)/14 + (-240)/42. Let u be 2 - (-2 - 0)*g. Is 8876/10 - (-6)/u a prime number?
True
Suppose 14*p - 10*p - 4 = 0. Suppose 7 = 3*z + p. Suppose 2*c = 2, z*x + 5*c = 1 + 226. Is x a composite number?
True
Let m(a) = 148*a**2 - 2*a + 1. Let o be m(2). Let b = -336 + o. Is b composite?
True
Is (-1)/(18/(-444))*(-183)/(-2) a prime number?
False
Suppose -9*y = -6*y - 252. Let q be (-11)/2*y/(-6). Suppose q = 3*t + 11. Is t composite?
True
Let o be (12/(-10))/(2*(-1)/(-10)). Is 1/o + 23844/72 composite?
False
Let o be (-235)/(-35) - 2/(-7). Let i = -6 + o. Is 72/10 - i/5 composite?
False
Let w(s) = 155*s + 13. Let r be w(10). Is (r/(-2))/((-1)/2) composite?
True
Let a(b) = 12*b + 10. Let h be a(20). Let p(q) = -q**3 + 2*q**2 + 2*q - 3. Let g be p(6). Let o = h + g. Is o prime?
False
Suppose 2*d - 5 = 1. Suppose d*b - 33 = 